8 and 17176?
76
What is the greatest common factor of 1413 and 8688066?
471
What is the greatest common factor of 413 and 679?
7
Calculate the highest common divisor of 8289 and 1323.
27
What is the greatest common divisor of 59948 and 24?
4
What is the greatest common divisor of 9141 and 6402?
33
What is the highest common divisor of 1 and 1562131?
1
What is the greatest common factor of 5445 and 2530?
55
What is the highest common factor of 67146 and 837?
93
What is the highest common divisor of 280 and 186760?
280
Calculate the highest common factor of 755302 and 122.
122
Calculate the highest common divisor of 34944 and 3108.
84
Calculate the greatest common divisor of 14921 and 43.
43
What is the greatest common divisor of 63016 and 8?
8
What is the greatest common factor of 39689 and 8944?
559
Calculate the greatest common factor of 820 and 267730.
410
Calculate the greatest common divisor of 8424 and 728.
104
Calculate the greatest common divisor of 1287 and 319.
11
What is the greatest common factor of 550 and 115830?
110
Calculate the highest common factor of 5285 and 28.
7
Calculate the highest common factor of 6751 and 5461.
43
What is the highest common factor of 2608 and 258844?
652
What is the highest common factor of 2760 and 23230?
230
Calculate the greatest common divisor of 11020 and 48140.
580
What is the highest common factor of 70 and 1254526?
14
What is the highest common factor of 8876560 and 121?
121
Calculate the highest common factor of 217 and 322679.
217
What is the greatest common factor of 1254 and 2706?
66
What is the greatest common divisor of 85062 and 792?
6
Calculate the highest common divisor of 63 and 95802.
21
What is the highest common divisor of 448 and 25664?
64
What is the highest common factor of 175 and 60816?
7
Calculate the greatest common factor of 213049 and 14927.
1357
Calculate the greatest common factor of 16 and 498352.
16
Calculate the greatest common divisor of 120 and 80136.
24
Calculate the greatest common divisor of 198 and 59664.
66
What is the highest common factor of 270 and 858735?
135
Calculate the greatest common divisor of 2264 and 2117972.
1132
What is the highest common divisor of 1336079 and 173?
173
What is the highest common divisor of 1804 and 18647948?
1804
What is the highest common factor of 52 and 4498?
26
What is the highest common divisor of 120835 and 55?
55
What is the greatest common divisor of 39699 and 737?
11
What is the greatest common factor of 114520 and 560?
280
What is the highest common divisor of 419 and 9372192?
419
What is the greatest common divisor of 5106 and 598?
46
Calculate the greatest common divisor of 252 and 32676.
84
Calculate the highest common factor of 554 and 124373.
277
What is the highest common factor of 2398 and 8?
2
What is the highest common divisor of 55 and 29799?
11
Calculate the greatest common divisor of 17885 and 8365.
35
What is the highest common divisor of 1965 and 780?
15
Calculate the greatest common divisor of 432320 and 28.
28
Calculate the highest common factor of 20896 and 32.
32
Calculate the highest common factor of 305 and 5000.
5
Calculate the greatest common factor of 234 and 72000.
18
What is the highest common divisor of 19166 and 37?
37
Calculate the highest common divisor of 4704 and 1911.
147
Calculate the highest common divisor of 43175 and 45530.
785
Calculate the highest common factor of 34 and 43486.
34
Calculate the greatest common divisor of 237300 and 3729.
339
What is the highest common divisor of 4774 and 17732?
682
What is the highest common factor of 98 and 371455?
7
What is the highest common factor of 15925 and 31885?
35
What is the highest common divisor of 19 and 3439?
19
Calculate the greatest common divisor of 3 and 35172.
3
What is the greatest common factor of 6138 and 9414?
18
What is the greatest common divisor of 62440 and 760?
40
Calculate the highest common divisor of 50693 and 815.
163
Calculate the highest common factor of 3780 and 389970.
630
What is the highest common divisor of 32261 and 3?
1
What is the greatest common divisor of 402 and 1392394?
134
Calculate the greatest common divisor of 846380 and 1616.
404
Calculate the greatest common factor of 2210 and 6120.
170
What is the highest common factor of 675 and 35775?
675
What is the highest common factor of 783 and 3506796?
261
What is the highest common divisor of 29548 and 26344?
356
Calculate the greatest common factor of 50 and 166070.
10
What is the highest common divisor of 10 and 1926000?
10
Calculate the highest common factor of 70 and 39790.
10
Calculate the highest common divisor of 460 and 1465.
5
Calculate the highest common factor of 2424 and 904.
8
What is the greatest common factor of 21 and 770217?
21
What is the highest common divisor of 4592 and 3731?
287
What is the highest common factor of 112489 and 26?
13
Calculate the highest common divisor of 381 and 3.
3
What is the highest common factor of 7984320 and 960?
960
What is the highest common factor of 251209 and 595?
119
Calculate the highest common divisor of 220 and 15300.
20
Calculate the greatest common factor of 70362 and 2268.
54
Calculate the highest common divisor of 19194 and 2506.
14
Calculate the highest common factor of 3788 and 148679.
947
What is the greatest common divisor of 202 and 558934?
202
Calculate the greatest common divisor of 2262 and 141636.
174
What is the highest common factor of 8382 and 198?
66
What is the greatest common divisor of 12088 and 52?
4
Calculate the highest common divisor of 160874 and 8.
2
Calculate the greatest common divisor of 1266415 and 765.
85
What is the highest common divisor of 3734582 and 236?
118
What is the greatest common divisor of 685 and 1420005?
685
What is the highest common factor of 138 and 176962?
46
What is the greatest common factor of 2920 and 2560?
40
What is the greatest common factor of 29792 and 2996?
28
Calculate the highest common factor of 16375 and 18471.
131
What is the greatest common factor of 440 and 42130?
110
Calculate the greatest common divisor of 606600 and 1440.
360
What is the greatest common divisor of 32396028 and 14?
14
What is the greatest common factor of 3830 and 2430?
10
Calculate the highest common factor of 39 and 25987.
13
What is the highest common factor of 102 and 55437?
51
Calculate the highest common divisor of 43442 and 18.
2
Calculate the highest common divisor of 204 and 888.
12
What is the highest common divisor of 336 and 2853264?
48
Calculate the highest common factor of 4245 and 285.
15
What is the highest common divisor of 27174 and 147?
21
What is the greatest common factor of 128 and 64384?
128
Calculate the greatest common factor of 653040 and 7200.
720
What is the highest common factor of 4263235 and 251?
251
What is the greatest common divisor of 217756 and 12928?
404
What is the greatest common factor of 171186 and 1939?
277
What is the greatest common factor of 312 and 535821?
39
Calculate the highest common divisor of 4176 and 1450.
58
What is the greatest common divisor of 12643 and 13181?
269
Calculate the greatest common divisor of 4896 and 50626.
34
Calculate the highest common divisor of 496 and 5580.
124
Calculate the highest common divisor of 80 and 46570.
10
What is the highest common factor of 8148 and 433008?
1164
Calculate the highest common factor of 176 and 149600.
176
What is the greatest common factor of 1540 and 698390?
770
What is the greatest common divisor of 4 and 31887?
1
Calculate the highest common factor of 1318 and 22.
2
Calculate the greatest common divisor of 52 and 1257906.
26
Calculate the greatest common factor of 66 and 2367882.
66
Calculate the highest common divisor of 24384 and 128.
64
What is the highest common divisor of 109473 and 714?
21
What is the greatest common divisor of 5746 and 340?
34
Calculate the greatest common factor of 578 and 514454.
34
What is the highest common factor of 662 and 7445514?
662
What is the highest common divisor of 190 and 82270?
190
What is the highest common divisor of 228785 and 5?
5
Calculate the greatest common divisor of 8470 and 1610.
70
Calculate the highest common factor of 169 and 18889.
13
Calculate the highest common factor of 624 and 1296.
48
What is the g